- s. Let g = 31 + i. What is the tens digit of g?
4
Let z(w) = 2*w**2 - 9*w - 57. What is the hundreds digit of z(-12)?
3
Let m = 26 + 82. Suppose 14*a = 16*a - m. What is the units digit of a?
4
Let m be (-1)/((6/(-8))/(-3)). What is the tens digit of (-2*m/(-16))/(3/(-984))?
6
Let g(b) = 17*b**2 + 13*b - 15. Let d(s) = -2 - 5 + 6*s + 13*s**2 - 5*s**2. Let h(i) = 13*d(i) - 6*g(i). What is the units digit of h(-2)?
7
Suppose -1846 = -10*t + 884. What is the tens digit of t?
7
Let h = 4 - 4. Suppose h = 2*q + 2*q - 364. Suppose -2*c = 5*c - q. What is the units digit of c?
3
Let v be 12/(-3*2/3). What is the units digit of 1/((-8)/(-24))*(-182)/v?
1
Suppose -5 = -5*q, -4*l = -l - q - 3539. Suppose l = 6*j + 238. What is the units digit of j?
7
Let m = -1 + -5. What is the hundreds digit of (-28)/(-42) - 1376/m?
2
Let q = -5 - -17. Let f(j) = j**3 - 12*j**2 + 12*j - 5. What is the units digit of f(q)?
9
What is the units digit of (468/(-15))/((-1)/(100/6))?
0
Suppose 50 = 4*j + 3*g - 15, -4*j + 3*g + 95 = 0. Suppose p + j = c + 55, -172 = -5*p + 4*c. What is the units digit of p?
2
What is the units digit of (-2)/(5 + (-964)/192)?
6
Let u be (-6 + 2 + 4)*1. Suppose u*i - 16 = -4*i. What is the units digit of -8*i/(16/(-3))?
6
Suppose 0 = -3*m + w - 218 + 713, 0 = 2*m - 2*w - 334. Let l = m - 95. What is the tens digit of l?
6
Let j(i) = -23*i + 56. What is the tens digit of j(-6)?
9
Let z(n) = -13*n - 2. Let c = 72 + -76. What is the tens digit of z(c)?
5
Let m = -929 + 1859. Suppose 4*s + 3*w = 734, -18 + m = 5*s + w. What is the hundreds digit of s?
1
Let x = 178 - 102. Suppose 0 = -2*b - 2*w + x, 4*w + 79 = 5*b - 147. What is the tens digit of b?
4
Suppose 5*b - 12*w = -17*w + 5315, 4*b - 4262 = w. What is the tens digit of b?
6
Let n(r) = -2*r + 15. Suppose 5*a - a = -5*d + 9, d = -a + 3. What is the units digit of n(a)?
3
Let q(z) = -2*z**3 - 2*z**2 + 3*z - 1. Let c be q(1). Let p be (c + 4)/(2/4). Suppose -3*x + 136 = 4*g - 3, 132 = 4*g - p*x. What is the tens digit of g?
3
Suppose 12 - 37 = -5*a. Suppose -455 = -a*l + 240. What is the hundreds digit of l?
1
Let m be (12/2)/((-9)/(-12)). Let p(j) = 2*j**2 - 12*j + 22. What is the units digit of p(m)?
4
Let r(o) = -4*o - 7. Let c(z) = -21*z - 35. Let l(k) = 2*c(k) - 11*r(k). Let m be l(-6). Let t(f) = f**3 + 5*f**2 - 7*f - 8. What is the units digit of t(m)?
7
Let m(h) = -9*h - 23. Let a(o) = 3*o + 8. Let z(d) = -11*a(d) - 4*m(d). What is the tens digit of z(7)?
2
Let f = 179 + -84. Suppose -f - 63 = -o. Suppose o = 4*t + 38. What is the tens digit of t?
3
Suppose -60 = -c + 4*c. Let r be (-84)/c + 1/(-5). What is the units digit of 402/8 - r/16?
0
Let z(y) = y**3 + 17*y**2 - 20*y - 28. Let t be z(-18). Let i be 1 - 1 - (0 - 0). Suppose -q + t + 7 = i. What is the units digit of q?
5
Let f = 702 - 107. What is the tens digit of f?
9
Let b(r) = -395*r**3 + 2*r**2 - 28*r - 56. What is the units digit of b(-2)?
8
Let u(d) = -2*d - 7. Let m(j) = j. Let s(g) = -3*m(g) + u(g). Let t = -32 + 29. What is the units digit of s(t)?
8
Let s = -62 - -186. Suppose -5*x + v - 3*v = -134, -4*x + 4*v = -s. What is the units digit of x?
8
Let x(q) = -q**3 - 5*q**2 + 5*q - 4. Let l be x(-6). Suppose 4*d + 42 = -l*d. Let s(p) = -p - 1. What is the units digit of s(d)?
6
Let j(l) = -l**3 - l**2 + 2*l - 10. Let g = -27 - -20. Let y be j(g). What is the tens digit of y/6 - (7 - 3)?
4
What is the units digit of 20/25*(-365)/(-2)?
6
What is the hundreds digit of 205*38/10*(-21 - -24)?
3
Suppose 30*m - 20*m - 410 = 0. What is the units digit of m?
1
Let f be (-6)/4*60/(-18). Suppose 2*i = -4*j + 22, f*j + 4*i + i = 35. Suppose 0 = h + 2, -j*o - 3*h - 3 = -3*o. What is the units digit of o?
3
Let u(d) = -4*d**3 + 5*d**2 - 8*d - 2. Let c(v) = 3*v**3 - 6*v**2 + 9*v + 3. Let h(f) = -6*c(f) - 7*u(f). What is the tens digit of h(2)?
8
Suppose -p = 3*q + 4*p + 2, 5*p + 44 = 4*q. Suppose 0 = -q*r + 2*r + 228. What is the units digit of r?
7
Suppose -6*p + 1788 = 414. What is the units digit of p?
9
Let i = -903 - -1015. What is the tens digit of i?
1
Let c be (-400)/6*-12*6/10. Suppose c = -8*p + 16*p. What is the units digit of p?
0
Let m(n) = -3*n - 13. Let u be m(-5). Let z = 14 + u. What is the tens digit of z?
1
Let u be (52/(-24)*2 - -1)*15. Let m = u - -82. What is the units digit of m?
2
Suppose l + 5*k - 58 = 0, -l = 2*l - 2*k - 225. Let z = 190 - l. What is the tens digit of z?
1
Let k = 29 - 16. Let m(x) = -x**3 + 12*x**2 + 15*x - 11. What is the units digit of m(k)?
5
What is the tens digit of ((-11)/3)/(((-7)/1)/1071)?
6
Let q(h) be the second derivative of h**3 - h**2/2 + 7*h. Let b be q(7). Suppose 121 = 5*p + b. What is the units digit of p?
6
Suppose -1016 = -5*c - 2*w, -5*w = -4*c - 10*w + 823. What is the hundreds digit of c?
2
What is the units digit of 534/((-9)/6 + 3)?
6
Let c be ((-12)/14)/(1/(-245)). Suppose -8*x - c = -13*x. What is the tens digit of x?
4
Let t(s) = 15*s**2 + s - 3. Let p be 4/(-3)*(-6)/4. Let z be t(p). Let b = z - 33. What is the units digit of b?
6
Let b = -717 - -1078. What is the hundreds digit of b?
3
Suppose 3*g - 33 = 4*g. Let s = 53 - g. What is the units digit of s?
6
Let x(k) = 5*k + 2*k**2 - 3*k**2 + 5 - 8*k. Let z be x(-4). Suppose -o + z = -21. What is the tens digit of o?
2
What is the hundreds digit of (-4)/(-18) + (-37536)/(-216)?
1
Let s be -3 - (-4)/((-4)/(-7)). What is the tens digit of (-6)/s - 2*(-2219)/28?
5
Suppose -770 - 285 = -5*p. What is the tens digit of p?
1
What is the tens digit of ((-100166)/11)/(5 - 7)?
5
Suppose 0 = -5*c + 20 - 5. What is the tens digit of 4 + -4 + 1 - (-456)/c?
5
Suppose -21*w = -18*w - 3540. What is the units digit of w?
0
Suppose -5*v = 133 - 183. Let l be (3/(-2))/((-3)/68). Let t = v + l. What is the tens digit of t?
4
Let r(z) = -11*z**3 - z + 5. Let h(j) = 23*j**3 + 2*j - 11. Let b(g) = 6*h(g) + 13*r(g). Let x be b(-1). Suppose x*l - 72 = -7. What is the tens digit of l?
1
Let z(r) = -4*r**3 + 2*r**2 - 2*r - 4. Let o be z(2). What is the tens digit of (30 - (2 + -3))*(-288)/o?
7
Let m(i) = -i**3 + 7*i**2 - 10*i + 6. Let b be m(6). What is the tens digit of (0 - 28)/(b/36)?
5
Let d be 2/9 - (-1700)/45. Suppose d + 38 = -4*b. Let u = b + 51. What is the units digit of u?
2
What is the tens digit of 868/(-6)*(-36)/8?
5
Let i(l) be the second derivative of -l**4/12 + 5*l**3/6 - l**2/2 - 5*l - 1. Suppose -3*r - 3*x + 4 + 8 = 0, r - 2*x - 4 = 0. What is the units digit of i(r)?
3
Let q(y) = y**3 + y**2 + 7. Let u be q(0). Let d be (63 + u)/(-1 - -2). Let l = 102 - d. What is the units digit of l?
2
Suppose 0 = 4*m + 3*x - 14, -m + 4*x + 15 = -x. Let n(h) = 9*h**2 - 6*h - 2. What is the hundreds digit of n(m)?
1
Let r(v) = -19*v - 7. Suppose -5*s - 16 = -s. What is the tens digit of r(s)?
6
Let u(s) = 67*s**2 - 12*s + 38. Let n be u(7). What is the tens digit of (-2 - (-4)/3)/((-26)/n)?
8
Let n(s) = -2*s + 7 - 4*s - 7. Let t(k) = -7*k. Let o(y) = 4*n(y) - 3*t(y). What is the units digit of o(-3)?
9
Let l(h) = -h. Let y be l(1). What is the units digit of (1 - y)/((-3)/(-114))?
6
Suppose -o + 2*o + 2 = 3*v, v + 4 = 5*o. Let y be (1 - -1 - o) + -3. What is the tens digit of (-4)/((-16)/132) - y?
3
Suppose 17*g - 20*g = -9273. What is the thousands digit of g?
3
Let u(m) = m**3 + 29*m**2 + 29*m - 8. What is the tens digit of u(-27)?
6
Let d = -676 + 1666. What is the units digit of d?
0
Suppose r - q - 4 = 0, 2*r - 4*r + 2 = q. Suppose u = r*u - 8. What is the units digit of u?
8
Let n(y) = y**3 + 7*y**2 + y + 7. Let a be n(-3). Let x = 118 + a. What is the hundreds digit of x?
1
Let m = 107 + -106. What is the units digit of (180/(-120))/((-82)/(-84) - m)?
3
Suppose 4*s - 2*s - 8 = 0. Suppose s*u - 57 = 51. What is the tens digit of u?
2
Let u = -55 - -14. Let a = u - -64. Let z = -16 + a. What is the units digit of z?
7
Let t(r) = r**3 - 7*r**2 - r + 12. Let o be t(7). Let v(k) = 3*k**2 + 6. What is the units digit of v(o)?
1
Let m = 796 - 487. What is the units digit of m?
9
Let q be -5*(344/5)/(-4). Let w = q + -22. What is the units digit of w?
4
Let h(t) be the first derivative of -t**4/4 - t**3 + 24*t - 14. What is the hundreds digit of h(-6)?
1
Let g(a) = -a. Suppose 9*j = 6*j - 9. Let x be g(j). Suppose -14 - 43 = -x*u. 